- t. Let u = 2 + -1. Let x be j(u). Is (53/(-2))/(x/12) a prime number?
True
Let a = 3 + 1. Let p = 9 - a. Suppose -4*q = 3*x - 139, 3*q - p*x + 32 = 100. Is q a prime number?
True
Let l be 1/(-4) + (-1268)/(-16). Suppose 4*p + 17 = 4*n - 43, 5*n = 4*p + l. Is n a prime number?
True
Let y = 14 + -10. Suppose 0 = y*u - 0*u. Suppose -2*z + u*z + 44 = 0. Is z a composite number?
True
Let q(m) = -6*m + 3*m + 3 + m. Is q(-5) a composite number?
False
Let y(q) = 56*q. Let s be y(-1). Let b(t) = -141*t + 3. Let x be b(1). Let j = s - x. Is j a composite number?
True
Let d = 1 + 0. Is 2/(-1) + 253/d composite?
False
Suppose -4*n + 0 + 20 = -5*i, 0 = i. Suppose 0*g - 157 = -5*g - 2*x, -20 = n*x. Is g composite?
True
Let u = 30 + -9. Is u composite?
True
Suppose 15 = 2*y + 3*y. Suppose 0 = -y*s - s + 260. Is s composite?
True
Let o = -227 - -622. Is o prime?
False
Suppose 2*y - 1251 = -197. Is y a composite number?
True
Is 3*12/(-9) + 25 a composite number?
True
Let h(a) = -80*a + 3. Let p = -12 - -10. Is h(p) a prime number?
True
Let b(j) = j**3 + 5*j**2 + 3*j + 1. Let o be b(-4). Suppose o*l + 5*n = 85, -2*l + n = 4*n - 37. Is l a prime number?
False
Is 1/1*(-2 - -91) a composite number?
False
Suppose n = -p + 825 + 73, -n + 4494 = 5*p. Is p prime?
False
Let z(y) = -7*y**2 + 0*y - 4*y - 3 - y**3 + 9*y. Let c(p) = -p**3 - 4*p**2 - p - 2. Let j be c(-3). Is z(j) composite?
True
Let z = 20 + -17. Is -2 - (-3 - z) - -49 prime?
True
Is ((-1)/(-2))/((-3)/(-318)) a composite number?
False
Let v(u) = 15*u**2 - 3*u - 6. Let p be v(-4). Let f = p + 288. Is (14/(-21))/((-4)/f) a composite number?
False
Let h(j) = 2*j**2 - 27*j + 27. Is h(-14) prime?
True
Let k(w) = -2*w**3 - 5*w + w - 2*w**2 - 2 + 0*w. Is k(-3) composite?
True
Let d(x) = 5*x + 0*x**2 + x - 3*x**2 + 2 - x**3 - x. Let j be d(-5). Suppose -3*r + 6 = -j. Is r a composite number?
False
Let d(m) = -138 - 12*m + 136 + 3*m. Suppose -3*f = -4*g - 31, 2*g - 33 = 4*g - 5*f. Is d(g) composite?
True
Let u(i) = 19*i**2 + 4*i + 3. Is u(-4) a composite number?
True
Let b = -196 - -73. Let l = b - -178. Is l composite?
True
Suppose 0*i - i - 43 = 0. Let z = i - -16. Let x = 66 + z. Is x composite?
True
Is (636 + -2)*(-2)/(-4) a prime number?
True
Suppose 787 = 3*d - 0*b - 5*b, -3*d + 4*b = -782. Is d prime?
False
Suppose -1 - 3 = -4*n. Let v be (-8)/6*3/(-2). Is (148/4)/(v - n) a composite number?
False
Let u(v) = v**3 - 6*v**2 + v - 6. Let p be u(6). Suppose z + p*z = 149. Is z a composite number?
False
Suppose -i + 3*d - d = 206, 4*d + 872 = -4*i. Let k = -19 + 7. Is 6/k - i/4 prime?
True
Suppose -k + 9 = 4*z - 5, -2*z = 2*k - 10. Suppose -4*x + k = -6. Is (x - 9)/(1/(-19)) a composite number?
True
Let k be (-3)/(-6)*(1 + -1). Suppose -2*c = -4*d + c - 7, 5*d - 5*c + 15 = k. Suppose d*o - 165 = -3*o. Is o a prime number?
False
Let r = 193 - 128. Is r a composite number?
True
Let f = -15 + 27. Let g be 2*73*(-2)/(-4). Let r = f + g. Is r prime?
False
Let f = -130 - -209. Is f a prime number?
True
Let g(s) = 37*s**3 - 2*s**2 + 1. Let b be g(1). Suppose 0 = a + 2*h - b - 3, -2*a = 5*h - 83. Let k = -10 + a. Is k a prime number?
True
Suppose 2*s - 554 = 420. Is s a composite number?
False
Let u(b) = -1 - 4 + 1 + b. Let m be u(3). Let x(d) = 10*d**2 + d. Is x(m) composite?
True
Let r = 8 - 6. Suppose 14 = r*n - 2*b, -5*b = 4*n + 5 + 3. Suppose 0 = 2*i + 3*u - 22, -n*i = -2*i + u - 12. Is i composite?
True
Let l(x) = 25*x**3 + x**2 - 3*x + 1. Suppose -2*b + 3*b - 2 = 0. Is l(b) a composite number?
False
Suppose 2*s - 7*z = -10*z + 4480, 0 = -5*s + 3*z + 11179. Is s prime?
True
Let q = 117 - 30. Is q composite?
True
Suppose 0*j - 330 = -5*j. Suppose -d + 4*d = j. Is d prime?
False
Let i = 8 - 45. Let k = i - -56. Is k composite?
False
Let n = -5 - -10. Suppose -4*i + 2*i = -h - 3, n*h = -4*i + 13. Suppose -2*m - 3*m - 3*o + 1439 = 0, o - 576 = -i*m. Is m composite?
True
Let t(s) = 2*s**2 - 1. Let h = -1 + 3. Suppose k = 2*w - 2*k + 5, h*w + 12 = -4*k. Is t(w) prime?
True
Let j = 39 - 76. Let y = -26 - j. Is y a composite number?
False
Let x = 8 - 5. Suppose 656 = 5*w + n, -x*n = -4*w + 315 + 206. Is w composite?
False
Suppose 0*q = 5*p - 5*q - 220, q = -2*p + 88. Let u = p + -7. Is u a composite number?
False
Let l(t) be the second derivative of t**5/10 + t**4/6 + t**3 + 5*t**2/2 - t. Is l(5) a composite number?
True
Suppose 0 = -5*q + x + 578, 4*x + 5 + 7 = 0. Is q a prime number?
False
Let q be (2 + -2)/(4/(-2)). Let d(p) = p**2 - p + 59. Is d(q) prime?
True
Let g(p) = -p**3 - 2*p**2 - 3*p - 3. Suppose 3*x + 4*n = 46, 0*x = -4*x - n + 44. Suppose -2*j = 3*j + x. Is g(j) a prime number?
True
Let s = 15 + -6. Suppose -s = -3*z - 0*z. Suppose -5*n - 2*h - 3*h + 135 = 0, -4*h = z*n - 82. Is n a composite number?
True
Suppose 7 = -4*m - 25. Is (38/m)/(1/(-44)) a prime number?
False
Let n = 5 - 2. Suppose 4*g - 27 = -f - 2*f, -5*g - n*f + 33 = 0. Suppose -g*b + b + 805 = 0. Is b composite?
True
Suppose 2*f - f + 2*i = 571, -2*i - 2807 = -5*f. Is f composite?
False
Suppose 3*q + 96 - 711 = 0. Is q a prime number?
False
Let s = 28 - -53. Suppose -3*d + s = -12. Is d a prime number?
True
Suppose -8*y - 1847 = -9*y. Is y a composite number?
False
Let x be (3/(-4))/(2/(-136)). Is (x/(-4) - -1)*-8 composite?
True
Let t(b) = -b**3 + 6*b**2 + 5*b. Let i be t(7). Let v be 16/7 + 4/i. Let u = v + 11. Is u prime?
True
Suppose 2*w - 469 - 193 = 0. Is w composite?
False
Suppose -5*k + 2*k = -822. Is k composite?
True
Is 413/28 + 2/8 a composite number?
True
Suppose -d - 2*h + 164 = 3*h, -590 = -4*d + 2*h. Is d prime?
True
Suppose 2*n + n - 4*a = 158, 4*n - 216 = 4*a. Suppose 5*v = n + 7. Is v composite?
False
Suppose 10*f - 2*f - 23080 = 0. Is f prime?
False
Let f(z) = z**3 - 7*z**2 - 9*z + 8. Let g be f(8). Suppose g = 3*a + m - 27 - 52, m = 1. Is a prime?
False
Let a be (1/(-2) - 1)*-10. Suppose -4*o + 0*o + 72 = 0. Is o/a*(2 - -3) composite?
True
Let p be 6*3*(-3)/(-27). Suppose z = -4*j + 25, 2*z = -j - p*z - 5. Is j a composite number?
False
Is (-4605)/(-6)*18/45 a prime number?
True
Suppose -3*i - 258 = -i - r, 3*i + 2*r + 380 = 0. Let c = -49 - i. Is c a composite number?
False
Suppose y - 1 = -k, 2*k + 4 = -3*y + 3. Suppose 0 = -3*q - 0*u - k*u + 15, -u = 0. Let z(b) = 3*b**3 - 8*b**2 + 7*b - 7. Is z(q) a prime number?
False
Suppose 5*t - 4*t + k - 10 = 0, 4*t - 44 = -2*k. Suppose 2*x + 9 = 4*m - 3, 3*x + 12 = 0. Let j = m + t. Is j prime?
True
Let d = 11 - 7. Let n be (3/6 - 0)*d. Is -2 + 153 - 4/n prime?
True
Is (3 - 780/(-2)) + (-2)/1 composite?
True
Is 0/(-1) + (584 - 1) prime?
False
Suppose c - 6 = -2*p, 3*p + 3*c - 15 = -0. Let l(g) = 252*g - 1. Is l(p) a composite number?
False
Let z(l) = 77*l**2 - 3 + 0*l + l + 4. Let k(m) = -m - 6. Let t be k(-5). Is z(t) composite?
True
Suppose 4*j = -3*p + 27 + 5, -5*j = -25. Let u(i) = i - 3. Let q be u(p). Is ((-55)/(-2) - q)*2 prime?
True
Let x(o) = -2*o**3 - 21*o**2 - 10*o - 31. Is x(-14) a composite number?
False
Suppose -478 = -2*y + 936. Is y prime?
False
Let h(f) = 37*f**2. Is h(1) a prime number?
True
Let n be (3/(-2))/(33/(-154)). Suppose -n*r + 2*r + 275 = 0. Is r a composite number?
True
Let g = 46 - -9. Is g a prime number?
False
Let y be -5*(36/15)/(-3). Suppose 0*n + k = -y*n + 263, 196 = 3*n + k. Let q = n - 5. Is q composite?
True
Let r be 4/(-3)*(-9 - 0). Is 87/4 + 3/r a composite number?
True
Let p = -225 - -497. Suppose 3*v - 1391 = 3*b - p, 0 = 2*v + 2*b - 738. Is v prime?
False
Let c(g) = g - 27 - 2*g**2 - 3*g**3 - 34 + 62. Suppose -4 = 5*o + 6. Is c(o) a prime number?
False
Let d(v) be the third derivative of 3*v**4/8 - 5*v**3/6 - 5*v**2. Is d(4) a prime number?
True
Suppose 0 = -3*o - 53 + 722. Is o a composite number?
False
Let m(z) = 44*z - 1. Let r(p) = -p. Let l(o) = m(o) - 4*r(o). Is l(4) composite?
False
Suppose -4*w + 2*b = -w - 4, w + 8 = -4*b. Suppose 2*g - 238 = 4*c, w = -g + 3*g - 5*c - 238. Is g a prime number?
False
Is (1/((-15)/9))/(3/(-1065)) prime?
False
Is (-3942)/(-15) - (-3)/15 a prime number?
True
Suppose 2*y + 2*w = -694, 4*w = -2*y - 0*y - 694. Let g = -142 - y. Is g prime?
False
Let k(o) = 8*o + 3. Let j = 2 - 1. Suppose -j = -t + 3. Is k(t) a prime number?
False
Let y(f) = f**3 - 8*f**2 + 6. Let c be y(-7). Let p = -518 - c. Is p